01202 + -1002?
1200200
In base 16, what is -33 - 14d8d?
-14dc0
In base 11, what is -628 - -a7?
-531
In base 5, what is 24330231 + 2?
24330233
In base 6, what is -11 - -344024?
344013
In base 14, what is cc - -127?
215
In base 5, what is -12114113 - 0?
-12114113
In base 6, what is -1043240 + 3?
-1043233
In base 6, what is 532441 - -3?
532444
In base 12, what is -12 + 933?
921
In base 13, what is -28cc + 83?
-2849
In base 12, what is -1 + b7b5?
b7b4
In base 5, what is 430 - -21434?
22414
In base 13, what is 407 + 71?
478
In base 16, what is 4 - -5766?
576a
In base 5, what is -4033324 - -2?
-4033322
In base 13, what is 4 - -b20a?
b211
In base 11, what is -21109 + 6?
-21103
In base 4, what is 0 - -12003120311?
12003120311
In base 11, what is -1 + 649?
648
In base 8, what is 35 - 4161?
-4124
In base 9, what is -2 + 66002?
66000
In base 11, what is 5 + 59a4?
59a9
In base 7, what is 40422 - -10?
40432
In base 5, what is -10 + 330023?
330013
In base 10, what is 240 + 2398?
2638
In base 6, what is -102444 + -115?
-103003
In base 8, what is -1034013 + -4?
-1034017
In base 14, what is -18 - -611?
5d7
In base 13, what is -c0 - -33a?
24a
In base 2, what is -1001101000 - -101000101?
-100100011
In base 12, what is 6 + 327?
331
In base 11, what is 2 - 7304?
-7302
In base 4, what is -123220312 - -111?
-123220201
In base 13, what is b - -466?
474
In base 7, what is -23 - -14155?
14132
In base 12, what is -456 + 42?
-414
In base 5, what is -104 + 333123?
333014
In base 12, what is 4b5a2 + -2?
4b5a0
In base 5, what is -11304203 - -10?
-11304143
In base 16, what is -14fd5 - 11?
-14fe6
In base 5, what is 2122200 + 103?
2122303
In base 2, what is 1000000100101011010 - 11101?
1000000100100111101
In base 14, what is -539 + -3?
-53c
In base 4, what is -1032 - 1100?
-2132
In base 6, what is -4543 + -3050?
-12033
In base 8, what is -5 - 527525?
-527532
In base 3, what is -2 - -220200202?
220200200
In base 9, what is 2341023 + 5?
2341028
In base 13, what is 3785 + -22?
3763
In base 10, what is 320589 + -4?
320585
In base 12, what is -1b16 + 271?
-1865
In base 2, what is -111011100100 - -110110?
-111010101110
In base 15, what is -1021 + 5?
-101b
In base 10, what is -680500 + 4?
-680496
In base 6, what is 1120155 + 4?
1120203
In base 7, what is -4 - -435342?
435335
In base 2, what is 0 + 11100010101000001?
11100010101000001
In base 16, what is -39 - -4682?
4649
In base 10, what is -9 + -1347?
-1356
In base 13, what is -3 + -1a3b2?
-1a3b5
In base 4, what is 23 - 1033310?
-1033221
In base 13, what is 6 + -37a63?
-37a5a
In base 2, what is -110011 + -10001000010010?
-10001001000101
In base 12, what is -1 - 152b4?
-152b5
In base 2, what is -10110110111111100110 - -100?
-10110110111111100010
In base 10, what is 2 - -96075?
96077
In base 3, what is -212222101102 - 1?
-212222101110
In base 4, what is -101123 + -31113?
-132302
In base 13, what is -121 - -2?
-11c
In base 12, what is -2b0 + -13b?
-42b
In base 14, what is aa - -1c3?
28d
In base 12, what is a - 2aa4?
-2a96
In base 14, what is -4 - -7a32?
7a2c
In base 12, what is -221 + 140?
-a1
In base 4, what is 1113 - -13123?
20302
In base 3, what is 20110 - -11?
20121
In base 10, what is 5807 + 35?
5842
In base 8, what is 77543 - -1?
77544
In base 11, what is 2 + -a55?
-a53
In base 14, what is -30d - -c?
-301
In base 15, what is 320 - -47?
367
In base 2, what is -100101 - -111101?
11000
In base 11, what is 4 - 3393?
-338a
In base 11, what is -2 - 11492?
-11494
In base 3, what is 121122000 + -122?
121121101
In base 9, what is 233 + 45?
278
In base 9, what is 38101 + 116?
38217
In base 2, what is 11 + -1011101101100110100?
-1011101101100110001
In base 14, what is -3 - 9c062?
-9c065
In base 2, what is -1000111101110011 + 10?
-1000111101110001
In base 8, what is 172 + -51?
121
In base 8, what is -23554 - -1?
-23553
In base 13, what is -387 + 912?
558
In base 2, what is -11 - -11000111011011001?
11000111011010110
In base 3, what is -2220 + 2020101?
2010111
In base 16, what is 3 - 6e0d?
-6e0a
In base 2, what is 10000011001 - -10010?
10000101011
In base 6, what is 23043 + -544?
22055
In base 4, what is -323300 + 11?
-323223
In base 7, what is -2 - -4332134?
4332132
In base 9, what is 23362 - 2?
23360
In base 5, what is 121202 + -14?
121133
In base 13, what is -1925cc - -2?
-1925ca
In base 9, what is -30712 + 118?
-30583
In base 3, what is -11212212110 + 10?
-11212212100
In base 4, what is 2 + -212132?
-212130
In base 16, what is -2 - 10a64?
-10a66
In base 12, what is -5628a - 9?
-56297
In base 5, what is -301 - 1004343?
-1010144
In base 16, what is -7 + 451b?
4514
In base 9, what is 15476 + 16?
15503
In base 13, what is 1787 - -11b?
18a5
In base 16, what is a - 2c9a6?
-2c99c
In base 6, what is 1 - 42144?
-42143
In base 11, what is -1153 + -5?
-1158
In base 11, what is -1 - 5409?
-540a
In base 7, what is 43212 + -4?
43205
In base 8, what is -2 + 26736?
26734
In base 15, what is eb + 11d?
219
In base 15, what is 3 - 31dc?
-31d9
In base 15, what is 114a + -465?
bd5
In base 13, what is 3a705 + -1?
3a704
In base 12, what is 428 + 31?
459
In base 5, what is 112111130 + -2?
112111123
In base 15, what is -137361 - 4?
-137365
In base 7, what is 63024 + -5?
63016
In base 7, what is 220336 - -4?
220343
In base 14, what is -4 - -22ba6?
22ba2
In base 11, what is 8 - 11211?
-11204
In base 7, what is 210465 - 2?
210463
In base 6, what is -3150224 + -5?
-3150233
In base 10, what is -220 + -347?
-567
In base 3, what is -12102122212100 - -10?
-12102122212020
In base 4, what is 11 - 23123233?
-23123222
In base 11, what is -8 + 345028?
345020
In base 8, what is 5 + -60073?
-60066
In base 15, what is 25d44 - 0?
25d44
In base 6, what is 33244343 + -2?
33244341
In base 15, what is -25853 + -2?
-25855
In base 6, what is -450 - 350454?
-351344
In base 3, what is -120202111000000 - 10?
-120202111000010
In base 11, what is -594 + 4047?
3563
In base 2, what is -1 - 110000010110111000010?
-110000010110111000011
In base 7, what is -3255 + -33?
-3321
In base 6, what is 2 + 4245555?
4250001
In base 4, what is 12310320 - 1?
12310313
In base 13, what is 130862 - -5?
130867
In base 12, what is -70086 - 8?
-70092
In base 14, what is 69a60 - -6?
69a66
In base 7, what is -3 - 4222?
-4225
In base 3, what is -11222011 + -1211?
-12000222
In base 12, what is 95 - -61a8?
6281
In base 3, what is 2 - 10000202111?
-10000202102
In base 13, what is -2 + 362b?
3629
In base 14, what is -2 - 2679?
-267b
In base 10, what is -17605 - -5?
-17600
In base 4, what is -2122102 + -100?
-2122202
In base 10, what is 49 + -3607?
-3558
In base 11, what is -4834a - a?
-48359
In base 16, what is -13 + 4227?
4214
In base 12, what is 0 - -161329?
161329
In base 10, what is -91730 - 17?
-91747
In base 5, what is 4 - 13222244?
-13222240
In base 14, what is a70 + 11b?
b8b
In base 10, what is -292 - -602?
310
In base 8, what is 0 - 301226?
-301226
In base 2, what is -11110110110 - 100011?
-11111011001
In base 15, what is 2 - 5790?
-578d
In base 13, what is -659c8 + -3?
-659cb
In base 6, what is -20544 + 312?
-20232
In base 2, what is -10111000011101101 - -11?
-10111000011101010
In base 2, what is -11 + 110110111101110011?
110110111101110000
In base 11, what is 9013 - 147?
8977
In base 10, what is -27 - -10249?
10222
In base 10, what is 9 + 209412?
209421
In base 11, what is 22a + 259?
488
In base 7, what is -52 + -133320?
-133402
In base 2, what is 1111 - 10100?
-101
In base 9, what is 370376 + 0?
370376
In base 15, what is -a53ea6 - -5?
-a53ea1
In base 15, what is 10bd5 + -4?
10bd1
In base 2, what is -101 - 1000000111011?
-1000001000000
In base 10, what is -3 - -1479?
1476
In base 15, what is -229da + -3?
-229dd
In base 9, what is 46255 - 67?
46177
In base 2, what is -1110001011011010 + 0?
-1110001011011010
In base 2, what is 111 - -1000101100?
1000110011
In base 12, what is 113 + 257?
36a
In base 4, what is 131313 + 230?
132203
In base 12, what is -193495 + -4?
-193499
In base 5, what is 3441 + 1223?
10214
In base 14, what is -23243 + -5?
-23248
In base 10, what is 12 - -13346?
13358
In base 2, what is 101111 + 100111000100010?
100111001010001
In base 12, what is -1 + -1487a?
-1487b
In base 16, what is e35 - 9?
e2c
In base 12, what is -10 + -1547a7?
-1547b7
In base 11, what is 39 - -806?
844
In base 12,